.
41
What is the highest common divisor of 1182 and 539386?
394
Calculate the highest common factor of 12 and 843858.
6
Calculate the greatest common divisor of 26 and 3881709.
13
Calculate the greatest common factor of 82 and 4581586.
82
Calculate the highest common divisor of 472122 and 378.
378
Calculate the greatest common divisor of 17910 and 1710.
90
Calculate the highest common divisor of 30 and 11226.
6
What is the greatest common divisor of 164 and 20992?
164
Calculate the greatest common factor of 7680 and 165.
15
Calculate the greatest common factor of 870 and 1015.
145
Calculate the highest common divisor of 2484 and 19521.
27
Calculate the highest common factor of 302868 and 1269.
423
What is the highest common factor of 65936 and 39?
13
What is the highest common factor of 14848 and 33872?
464
Calculate the greatest common factor of 2584 and 2448.
136
What is the highest common factor of 1078 and 1936?
22
What is the highest common factor of 17632 and 1824?
608
Calculate the highest common factor of 258 and 7986.
6
What is the greatest common factor of 464 and 39092?
116
Calculate the highest common factor of 1196892 and 108.
36
What is the greatest common divisor of 716 and 216053?
179
Calculate the greatest common divisor of 3988 and 5656978.
1994
What is the highest common factor of 47 and 200267?
47
Calculate the greatest common divisor of 4 and 144140.
4
What is the greatest common divisor of 33490 and 90?
10
What is the highest common factor of 43008 and 840?
168
Calculate the highest common factor of 3478 and 1443.
37
Calculate the greatest common factor of 1881 and 21584.
19
What is the highest common factor of 28609 and 63?
7
What is the highest common factor of 1818 and 25250?
202
What is the greatest common factor of 152373 and 39?
39
Calculate the greatest common divisor of 175154 and 14.
14
What is the highest common divisor of 1611648 and 864?
288
Calculate the highest common divisor of 489592 and 2888.
152
What is the greatest common factor of 3905 and 1535?
5
What is the greatest common divisor of 13573 and 490?
49
Calculate the highest common divisor of 103 and 85181.
103
What is the highest common factor of 9449349 and 42?
21
Calculate the greatest common divisor of 31242 and 5658.
246
What is the highest common divisor of 168 and 186168?
24
Calculate the greatest common divisor of 195 and 228345.
195
What is the greatest common factor of 5916406 and 58?
58
Calculate the highest common divisor of 39 and 41925.
39
Calculate the greatest common factor of 6110 and 4795.
5
What is the highest common divisor of 10 and 50030?
10
What is the highest common divisor of 1736 and 136927?
217
Calculate the greatest common factor of 2004 and 6348.
12
What is the highest common divisor of 327 and 463359?
327
What is the greatest common divisor of 526 and 53126?
526
What is the highest common divisor of 20738 and 4?
2
What is the greatest common factor of 120 and 117570?
30
Calculate the greatest common factor of 44812 and 68.
68
Calculate the highest common factor of 58408 and 4312.
392
What is the highest common factor of 9 and 102139?
1
What is the highest common factor of 96369 and 2730?
273
What is the greatest common divisor of 2349 and 2187?
81
What is the greatest common divisor of 11 and 38773658?
11
What is the highest common factor of 365931 and 18?
9
Calculate the highest common divisor of 65335 and 52560.
365
What is the highest common divisor of 267415 and 553?
79
What is the greatest common factor of 658 and 32284?
14
Calculate the greatest common factor of 19 and 1577.
19
Calculate the highest common factor of 161759 and 46.
23
What is the greatest common factor of 4403 and 90440?
119
What is the greatest common factor of 1720 and 4280?
40
What is the greatest common divisor of 593739 and 333?
333
What is the greatest common divisor of 527514 and 234?
78
What is the greatest common divisor of 1920 and 234?
6
Calculate the greatest common divisor of 77695 and 82.
41
What is the greatest common divisor of 1107 and 7047?
27
What is the highest common factor of 5460 and 2835?
105
What is the highest common factor of 613364 and 2773?
59
Calculate the greatest common factor of 80 and 1630040.
40
What is the greatest common factor of 74550 and 406?
14
What is the greatest common divisor of 3775 and 714985?
755
What is the greatest common factor of 2360 and 34280?
40
Calculate the greatest common divisor of 62 and 312666.
62
Calculate the highest common divisor of 2560 and 26560.
320
Calculate the highest common factor of 1500 and 116500.
500
Calculate the highest common factor of 24 and 111372.
12
What is the highest common divisor of 4416 and 3676320?
2208
Calculate the greatest common factor of 1353 and 4587.
33
Calculate the greatest common factor of 193287 and 57.
57
What is the greatest common factor of 1725 and 10800?
75
Calculate the greatest common factor of 8601 and 30597.
141
Calculate the greatest common factor of 667 and 23713.
23
Calculate the highest common factor of 1079696 and 16.
16
Calculate the greatest common divisor of 255 and 3944170.
85
Calculate the highest common divisor of 99 and 3100306.
11
What is the greatest common factor of 111 and 599844?
111
What is the greatest common factor of 43818 and 34553?
109
What is the greatest common factor of 20 and 14610?
10
What is the highest common factor of 52407 and 729?
81
What is the greatest common divisor of 1787711 and 283?
283
What is the greatest common factor of 6862 and 658?
94
What is the highest common factor of 311786 and 14?
2
What is the highest common divisor of 15 and 1546385?
5
Calculate the greatest common factor of 3471055 and 35.
35
What is the highest common factor of 5472 and 1900?
76
Calculate the highest common factor of 71466 and 516.
258
What is the greatest common divisor of 1547 and 3757?
221
Calculate the greatest common factor of 7242 and 408.
102
Calculate the greatest common factor of 44872 and 39192.
568
Calculate the highest common divisor of 13668 and 39932.
268
Calculate the highest common factor of 491028 and 870.
174
Calculate the highest common divisor of 12 and 1228.
4
What is the greatest common divisor of 31616 and 512?
128
What is the highest common divisor of 172 and 247207?
43
Calculate the greatest common divisor of 6580 and 129485.
235
Calculate the highest common factor of 4554 and 35167.
253
Calculate the greatest common factor of 9675 and 5031.
387
Calculate the greatest common factor of 460314 and 478.
478
What is the greatest common divisor of 4199 and 15912?
221
What is the highest common divisor of 21280 and 3458?
266
Calculate the highest common factor of 1407 and 49.
7
Calculate the highest common factor of 5 and 95239.
1
Calculate the greatest common factor of 1331778 and 84.
42
Calculate the greatest common divisor of 1446 and 468745.
241
What is the greatest common divisor of 19321 and 23213?
139
Calculate the greatest common factor of 193905 and 279.
279
What is the highest common divisor of 37 and 231731?
37
Calculate the highest common factor of 120475 and 2528.
79
What is the greatest common divisor of 227 and 571?
1
What is the highest common factor of 6319 and 4183?
89
Calculate the greatest common factor of 272 and 804814.
34
Calculate the greatest common divisor of 268 and 44622.
134
Calculate the highest common factor of 215316 and 36.
36
Calculate the highest common divisor of 879846 and 44.
22
What is the greatest common factor of 96 and 81520?
16
Calculate the greatest common factor of 520724 and 268.
268
Calculate the highest common divisor of 12696 and 8993.
529
Calculate the highest common factor of 1017 and 14351.
113
What is the greatest common factor of 6 and 241767?
3
What is the highest common factor of 350500 and 7300?
100
What is the highest common divisor of 60088 and 13468?
1036
What is the highest common factor of 30324502 and 82?
82
Calculate the highest common divisor of 1201022 and 7408.
926
What is the highest common divisor of 7296 and 196384?
608
Calculate the greatest common divisor of 2573 and 22971.
31
Calculate the highest common factor of 1080 and 270.
270
Calculate the greatest common divisor of 623322 and 51.
51
What is the highest common factor of 585